{"id":72013,"date":"2023-04-19T12:17:38","date_gmt":"2023-04-19T10:17:38","guid":{"rendered":"https:\/\/www.gs-amelgatzen.de\/?page_id=72013"},"modified":"2026-04-07T07:22:49","modified_gmt":"2026-04-07T05:22:49","slug":"faq","status":"publish","type":"page","link":"https:\/\/www.gs-amelgatzen.de\/?page_id=72013","title":{"rendered":"FAQ"},"content":{"rendered":"<div data-colibri-id=\"72013-c1\" class=\"style-1354 style-local-72013-c1 position-relative\">\n  <!---->\n  <div data-colibri-component=\"section\" data-colibri-id=\"72013-c2\" id=\"f-a-q\" class=\"h-section h-section-global-spacing d-flex align-items-lg-center align-items-md-center align-items-center style-1355 style-local-72013-c2 position-relative\">\n    <!---->\n    <!---->\n    <div class=\"h-section-grid-container h-section-boxed-container\">\n      <div data-colibri-id=\"72013-c16\" class=\"h-row-container gutters-row-lg-2 gutters-row-md-2 gutters-row-2 gutters-row-v-lg-2 gutters-row-v-md-2 gutters-row-v-2 style-1365 style-local-72013-c16 position-relative\">\n        <!---->\n        <div class=\"h-row justify-content-lg-center justify-content-md-center justify-content-center align-items-lg-stretch align-items-md-stretch align-items-stretch gutters-col-lg-2 gutters-col-md-2 gutters-col-2 gutters-col-v-lg-2 gutters-col-v-md-2 gutters-col-v-2\">\n          <!---->\n          <div class=\"h-column h-column-container d-flex h-col-lg-auto h-col-md-auto h-col-auto style-1366-outer style-local-72013-c17-outer\">\n            <div data-colibri-id=\"72013-c17\" class=\"d-flex h-flex-basis h-column__inner h-px-lg-2 h-px-md-2 h-px-2 v-inner-lg-2 v-inner-md-2 v-inner-2 style-1366 style-local-72013-c17 position-relative\">\n              <!---->\n              <!---->\n              <div class=\"w-100 h-y-container h-column__content h-column__v-align flex-basis-100 align-self-lg-start align-self-md-start align-self-start\">\n                <!---->\n                <div data-colibri-id=\"72013-c18\" class=\"h-global-transition-all h-heading style-1367 style-local-72013-c18 position-relative h-element\">\n                  <!---->\n                  <div class=\"h-heading__outer style-1367 style-local-72013-c18\">\n                    <!---->\n                    <!---->\n                    <h2 class=\"\">FAQ &#8211; Fragen und Antworten<\/h2>\n                  <\/div>\n                <\/div>\n              <\/div>\n            <\/div>\n          <\/div>\n        <\/div>\n      <\/div>\n      <div data-colibri-id=\"72013-c3\" class=\"h-row-container gutters-row-lg-2 gutters-row-md-2 gutters-row-3 gutters-row-v-lg-2 gutters-row-v-md-2 gutters-row-v-2 style-1356 style-local-72013-c3 position-relative\">\n        <!---->\n        <div class=\"h-row justify-content-lg-center justify-content-md-center justify-content-center align-items-lg-stretch align-items-md-stretch align-items-stretch gutters-col-lg-2 gutters-col-md-2 gutters-col-3 gutters-col-v-lg-2 gutters-col-v-md-2 gutters-col-v-2\">\n          <!---->\n          <div class=\"h-column h-column-container d-flex h-col-lg-auto h-col-md-auto h-col-auto style-1357-outer style-local-72013-c4-outer\">\n            <div data-colibri-id=\"72013-c4\" class=\"d-flex h-flex-basis h-column__inner h-px-lg-2 h-px-md-2 h-px-2 v-inner-lg-2 v-inner-md-2 v-inner-2 style-1357 style-local-72013-c4 position-relative\">\n              <!---->\n              <!---->\n              <div class=\"w-100 h-y-container h-column__content h-column__v-align flex-basis-100 align-self-lg-start align-self-md-start align-self-start\">\n                <!---->\n                <div data-toggle=\"false\" data-is-preview=\"true\" data-colibri-component=\"accordion\" data-colibri-id=\"72013-c5\" class=\"h-accordion style-1358 style-local-72013-c5 position-relative h-element\">\n                  <!---->\n                  <div data-colibri-id=\"72013-c6\" class=\"h-accordion-item h-accordion-item-first-child style-1359 style-local-72013-c6 position-relative h-element\">\n                    <!---->\n                    <a data-open-by-default=\"false\" href=\"#72013-c6\" class=\"h-accordion-item-title d-flex align-items-center h-global-transition\">\n                      <!----><span>Was bedeutet &#8222;Verl\u00e4ssliche Grundschule&#8220;<\/span>\n                      <div class=\"h-accordion-item-title-normal-icon h-accordion-item-title-icon h-accordion-item-title-icon-right\"><span class=\"h-svg-icon\"><!--Icon by Icons8 Line Awesome (https:\/\/icons8.com\/line-awesome)--><svg version=\"1.1\" xmlns=\"http:\/\/www.w3.org\/2000\/svg\" xmlns:xlink=\"http:\/\/www.w3.org\/1999\/xlink\" id=\"plus\" viewBox=\"0 0 512 545.5\"><path d=\"M240 112h32v160h160v32H272v160h-32V304H80v-32h160V112z\"><\/path><\/svg><\/span><\/div>\n                      <div class=\"h-accordion-item-title-active-icon h-accordion-item-title-icon h-accordion-item-title-icon-right\"><span class=\"h-svg-icon\"><!--Icon by Icons8 Line Awesome (https:\/\/icons8.com\/line-awesome)--><svg version=\"1.1\" xmlns=\"http:\/\/www.w3.org\/2000\/svg\" xmlns:xlink=\"http:\/\/www.w3.org\/1999\/xlink\" id=\"minus\" viewBox=\"0 0 512 545.5\"><path d=\"M80 272h352v32H80v-32z\"><\/path><\/svg><\/span><\/div>\n                    <\/a>\n                    <div id=\"72013-c6\" class=\"h-accordion-item-content__container\">\n                      <div class=\"w-100 h-y-container h-accordion-item-content\">\n                        <!---->\n                        <div data-colibri-id=\"72013-c7\" class=\"h-text h-text-component style-1360 style-local-72013-c7 position-relative h-element\">\n                          <!---->\n                          <!---->\n                          <div class=\"\">\n                            <p>Die Verl\u00e4ssliche Grundschule stellt sicher, dass Ihr Kind t\u00e4glich f\u00fcr einen festen Zeitraum zuverl\u00e4ssig betreut wird &#8211; auch bei Unterrichtsausfall.<\/p>\n                          <\/div>\n                        <\/div>\n                      <\/div>\n                    <\/div>\n                  <\/div>\n                  <div data-colibri-id=\"72013-c8\" class=\"h-accordion-item style-1361 style-local-72013-c8 position-relative h-element\">\n                    <!---->\n                    <a data-open-by-default=\"false\" href=\"#72013-c8\" class=\"h-accordion-item-title d-flex align-items-center h-global-transition\">\n                      <!----><span>Was ist eine &#8222;offene Ganztagsschule&#8220;?<\/span>\n                      <div class=\"h-accordion-item-title-normal-icon h-accordion-item-title-icon h-accordion-item-title-icon-right\"><span class=\"h-svg-icon\"><!--Icon by Icons8 Line Awesome (https:\/\/icons8.com\/line-awesome)--><svg version=\"1.1\" xmlns=\"http:\/\/www.w3.org\/2000\/svg\" xmlns:xlink=\"http:\/\/www.w3.org\/1999\/xlink\" id=\"plus\" viewBox=\"0 0 512 545.5\"><path d=\"M240 112h32v160h160v32H272v160h-32V304H80v-32h160V112z\"><\/path><\/svg><\/span><\/div>\n                      <div class=\"h-accordion-item-title-active-icon h-accordion-item-title-icon h-accordion-item-title-icon-right\"><span class=\"h-svg-icon\"><!--Icon by Icons8 Line Awesome (https:\/\/icons8.com\/line-awesome)--><svg version=\"1.1\" xmlns=\"http:\/\/www.w3.org\/2000\/svg\" xmlns:xlink=\"http:\/\/www.w3.org\/1999\/xlink\" id=\"minus\" viewBox=\"0 0 512 545.5\"><path d=\"M80 272h352v32H80v-32z\"><\/path><\/svg><\/span><\/div>\n                    <\/a>\n                    <div id=\"72013-c8\" class=\"h-accordion-item-content__container\">\n                      <div class=\"w-100 h-y-container h-accordion-item-content\">\n                        <!---->\n                        <div data-colibri-id=\"72013-c9\" class=\"h-text h-text-component style-1362 style-local-72013-c9 position-relative h-element\">\n                          <!---->\n                          <!---->\n                          <div class=\"\">\n                            <p>Eine Offene Ganztagsschule bietet nach dem Unterricht freiwillige Betreuungs- und Bildungsangebote&nbsp; am Nachmittag, f\u00fcr die Ihr Kind angemeldet werden kann.&nbsp;\n                              <br>\n                            <\/p>\n                          <\/div>\n                        <\/div>\n                      <\/div>\n                    <\/div>\n                  <\/div>\n                  <div data-colibri-id=\"72013-c10\" class=\"h-accordion-item style-1363 style-local-72013-c10 position-relative h-element\">\n                    <!---->\n                    <a data-open-by-default=\"false\" href=\"#72013-c10\" class=\"h-accordion-item-title d-flex align-items-center h-global-transition\">\n                      <!----><span>Was macht man in einer &#8222;offenen Eingangsstufe&#8220;?<\/span>\n                      <div class=\"h-accordion-item-title-normal-icon h-accordion-item-title-icon h-accordion-item-title-icon-right\"><span class=\"h-svg-icon\"><!--Icon by Icons8 Line Awesome (https:\/\/icons8.com\/line-awesome)--><svg version=\"1.1\" xmlns=\"http:\/\/www.w3.org\/2000\/svg\" xmlns:xlink=\"http:\/\/www.w3.org\/1999\/xlink\" id=\"plus\" viewBox=\"0 0 512 545.5\"><path d=\"M240 112h32v160h160v32H272v160h-32V304H80v-32h160V112z\"><\/path><\/svg><\/span><\/div>\n                      <div class=\"h-accordion-item-title-active-icon h-accordion-item-title-icon h-accordion-item-title-icon-right\"><span class=\"h-svg-icon\"><!--Icon by Icons8 Line Awesome (https:\/\/icons8.com\/line-awesome)--><svg version=\"1.1\" xmlns=\"http:\/\/www.w3.org\/2000\/svg\" xmlns:xlink=\"http:\/\/www.w3.org\/1999\/xlink\" id=\"minus\" viewBox=\"0 0 512 545.5\"><path d=\"M80 272h352v32H80v-32z\"><\/path><\/svg><\/span><\/div>\n                    <\/a>\n                    <div id=\"72013-c10\" class=\"h-accordion-item-content__container\">\n                      <div class=\"w-100 h-y-container h-accordion-item-content\">\n                        <!---->\n                        <div data-colibri-id=\"72013-c11\" class=\"h-text h-text-component style-1364 style-local-72013-c11 position-relative h-element\">\n                          <!---->\n                          <!---->\n                          <div class=\"\">\n                            <p>In der Offenen Eingangsstufe lernen Kinder der 1. und 2. Klasse gemeinsam und individuell in ihrem eigenen Tempo, jahrgangsgemischt und differenziert gef\u00f6rdert und gefordert.<\/p>\n                          <\/div>\n                        <\/div>\n                      <\/div>\n                    <\/div>\n                  <\/div>\n                  <div data-colibri-id=\"72013-c12\" class=\"h-accordion-item style-1368 style-local-72013-c12 position-relative h-element\">\n                    <!---->\n                    <a data-open-by-default=\"false\" href=\"#72013-c12\" class=\"h-accordion-item-title d-flex align-items-center h-global-transition\">\n                      <!----><span>Wie lange ist mein Kind in der Schule betreut?<\/span>\n                      <div class=\"h-accordion-item-title-normal-icon h-accordion-item-title-icon h-accordion-item-title-icon-right\"><span class=\"h-svg-icon\"><!--Icon by Icons8 Line Awesome (https:\/\/icons8.com\/line-awesome)--><svg version=\"1.1\" xmlns=\"http:\/\/www.w3.org\/2000\/svg\" xmlns:xlink=\"http:\/\/www.w3.org\/1999\/xlink\" id=\"plus\" viewBox=\"0 0 512 545.5\"><path d=\"M240 112h32v160h160v32H272v160h-32V304H80v-32h160V112z\"><\/path><\/svg><\/span><\/div>\n                      <div class=\"h-accordion-item-title-active-icon h-accordion-item-title-icon h-accordion-item-title-icon-right\"><span class=\"h-svg-icon\"><!--Icon by Icons8 Line Awesome (https:\/\/icons8.com\/line-awesome)--><svg version=\"1.1\" xmlns=\"http:\/\/www.w3.org\/2000\/svg\" xmlns:xlink=\"http:\/\/www.w3.org\/1999\/xlink\" id=\"minus\" viewBox=\"0 0 512 545.5\"><path d=\"M80 272h352v32H80v-32z\"><\/path><\/svg><\/span><\/div>\n                    <\/a>\n                    <div id=\"72013-c12\" class=\"h-accordion-item-content__container\">\n                      <div class=\"w-100 h-y-container h-accordion-item-content\">\n                        <!---->\n                        <div data-colibri-id=\"72013-c13\" class=\"h-text h-text-component style-1369 style-local-72013-c13 position-relative h-element\">\n                          <!---->\n                          <!---->\n                          <div class=\"\">\n                            <p>Ihr Kind ist w\u00e4hrend der verl\u00e4sslichen Unterrichtszeit am Vormittag betreut. Bei Teilnahme am Ganztag zus\u00e4tzlich bis zum Mittagessen oder bis in den Nachmittag (bis 15:30 Uhr).<\/p>\n                          <\/div>\n                        <\/div>\n                      <\/div>\n                    <\/div>\n                  <\/div>\n                <\/div>\n              <\/div>\n            <\/div>\n          <\/div>\n        <\/div>\n      <\/div>\n    <\/div>\n  <\/div>\n<\/div>","protected":false},"excerpt":{"rendered":"<p>FAQ &#8211; Fragen und Antworten Was bedeutet &#8222;Verl\u00e4ssliche Grundschule&#8220; Die Verl\u00e4ssliche Grundschule stellt sicher, dass Ihr Kind t\u00e4glich f\u00fcr einen festen Zeitraum zuverl\u00e4ssig betreut wird &#8211; auch bei Unterrichtsausfall. Was ist eine &#8222;offene Ganztagsschule&#8220;? Eine Offene Ganztagsschule bietet nach dem Unterricht freiwillige Betreuungs- und Bildungsangebote&nbsp; am Nachmittag, f\u00fcr die Ihr Kind angemeldet werden kann.&nbsp; Was [&hellip;]<\/p>\n","protected":false},"author":2,"featured_media":0,"parent":0,"menu_order":0,"comment_status":"closed","ping_status":"closed","template":"page-templates\/full-width-page.php","meta":{"footnotes":""},"_links":{"self":[{"href":"https:\/\/www.gs-amelgatzen.de\/index.php?rest_route=\/wp\/v2\/pages\/72013"}],"collection":[{"href":"https:\/\/www.gs-amelgatzen.de\/index.php?rest_route=\/wp\/v2\/pages"}],"about":[{"href":"https:\/\/www.gs-amelgatzen.de\/index.php?rest_route=\/wp\/v2\/types\/page"}],"author":[{"embeddable":true,"href":"https:\/\/www.gs-amelgatzen.de\/index.php?rest_route=\/wp\/v2\/users\/2"}],"replies":[{"embeddable":true,"href":"https:\/\/www.gs-amelgatzen.de\/index.php?rest_route=%2Fwp%2Fv2%2Fcomments&post=72013"}],"version-history":[{"count":7,"href":"https:\/\/www.gs-amelgatzen.de\/index.php?rest_route=\/wp\/v2\/pages\/72013\/revisions"}],"predecessor-version":[{"id":73164,"href":"https:\/\/www.gs-amelgatzen.de\/index.php?rest_route=\/wp\/v2\/pages\/72013\/revisions\/73164"}],"wp:attachment":[{"href":"https:\/\/www.gs-amelgatzen.de\/index.php?rest_route=%2Fwp%2Fv2%2Fmedia&parent=72013"}],"curies":[{"name":"wp","href":"https:\/\/api.w.org\/{rel}","templated":true}]}}

<div data-colibri-id="72013-c1" class="style-1354 style-local-72013-c1 position-relative">
  <!---->
  <div data-colibri-component="section" data-colibri-id="72013-c2" id="f-a-q" class="h-section h-section-global-spacing d-flex align-items-lg-center align-items-md-center align-items-center style-1355 style-local-72013-c2 position-relative">
    <!---->
    <!---->
    <div class="h-section-grid-container h-section-boxed-container">
      <div data-colibri-id="72013-c16" class="h-row-container gutters-row-lg-2 gutters-row-md-2 gutters-row-2 gutters-row-v-lg-2 gutters-row-v-md-2 gutters-row-v-2 style-1365 style-local-72013-c16 position-relative">
        <!---->
        <div class="h-row justify-content-lg-center justify-content-md-center justify-content-center align-items-lg-stretch align-items-md-stretch align-items-stretch gutters-col-lg-2 gutters-col-md-2 gutters-col-2 gutters-col-v-lg-2 gutters-col-v-md-2 gutters-col-v-2">
          <!---->
          <div class="h-column h-column-container d-flex h-col-lg-auto h-col-md-auto h-col-auto style-1366-outer style-local-72013-c17-outer">
            <div data-colibri-id="72013-c17" class="d-flex h-flex-basis h-column__inner h-px-lg-2 h-px-md-2 h-px-2 v-inner-lg-2 v-inner-md-2 v-inner-2 style-1366 style-local-72013-c17 position-relative">
              <!---->
              <!---->
              <div class="w-100 h-y-container h-column__content h-column__v-align flex-basis-100 align-self-lg-start align-self-md-start align-self-start">
                <!---->
                <div data-colibri-id="72013-c18" class="h-global-transition-all h-heading style-1367 style-local-72013-c18 position-relative h-element">
                  <!---->
                  <div class="h-heading__outer style-1367 style-local-72013-c18">
                    <!---->
                    <!---->
                    <h2 class="">FAQ &#8211; Fragen und Antworten</h2>
                  </div>
                </div>
              </div>
            </div>
          </div>
        </div>
      </div>
      <div data-colibri-id="72013-c3" class="h-row-container gutters-row-lg-2 gutters-row-md-2 gutters-row-3 gutters-row-v-lg-2 gutters-row-v-md-2 gutters-row-v-2 style-1356 style-local-72013-c3 position-relative">
        <!---->
        <div class="h-row justify-content-lg-center justify-content-md-center justify-content-center align-items-lg-stretch align-items-md-stretch align-items-stretch gutters-col-lg-2 gutters-col-md-2 gutters-col-3 gutters-col-v-lg-2 gutters-col-v-md-2 gutters-col-v-2">
          <!---->
          <div class="h-column h-column-container d-flex h-col-lg-auto h-col-md-auto h-col-auto style-1357-outer style-local-72013-c4-outer">
            <div data-colibri-id="72013-c4" class="d-flex h-flex-basis h-column__inner h-px-lg-2 h-px-md-2 h-px-2 v-inner-lg-2 v-inner-md-2 v-inner-2 style-1357 style-local-72013-c4 position-relative">
              <!---->
              <!---->
              <div class="w-100 h-y-container h-column__content h-column__v-align flex-basis-100 align-self-lg-start align-self-md-start align-self-start">
                <!---->
                <div data-toggle="false" data-is-preview="true" data-colibri-component="accordion" data-colibri-id="72013-c5" class="h-accordion style-1358 style-local-72013-c5 position-relative h-element">
                  <!---->
                  <div data-colibri-id="72013-c6" class="h-accordion-item h-accordion-item-first-child style-1359 style-local-72013-c6 position-relative h-element">
                    <!---->
                    <a data-open-by-default="false" href="#72013-c6" class="h-accordion-item-title d-flex align-items-center h-global-transition">
                      <!----><span>Was bedeutet &#8222;Verlässliche Grundschule&#8220;</span>
                      <div class="h-accordion-item-title-normal-icon h-accordion-item-title-icon h-accordion-item-title-icon-right"><span class="h-svg-icon"><!--Icon by Icons8 Line Awesome (https://icons8.com/line-awesome)--><svg version="1.1" xmlns="http://www.w3.org/2000/svg" xmlns:xlink="http://www.w3.org/1999/xlink" id="plus" viewBox="0 0 512 545.5"><path d="M240 112h32v160h160v32H272v160h-32V304H80v-32h160V112z"></path></svg></span></div>
                      <div class="h-accordion-item-title-active-icon h-accordion-item-title-icon h-accordion-item-title-icon-right"><span class="h-svg-icon"><!--Icon by Icons8 Line Awesome (https://icons8.com/line-awesome)--><svg version="1.1" xmlns="http://www.w3.org/2000/svg" xmlns:xlink="http://www.w3.org/1999/xlink" id="minus" viewBox="0 0 512 545.5"><path d="M80 272h352v32H80v-32z"></path></svg></span></div>
                    </a>
                    <div id="72013-c6" class="h-accordion-item-content__container">
                      <div class="w-100 h-y-container h-accordion-item-content">
                        <!---->
                        <div data-colibri-id="72013-c7" class="h-text h-text-component style-1360 style-local-72013-c7 position-relative h-element">
                          <!---->
                          <!---->
                          <div class="">
                            <p>Die Verlässliche Grundschule stellt sicher, dass Ihr Kind täglich für einen festen Zeitraum zuverlässig betreut wird &#8211; auch bei Unterrichtsausfall.</p>
                          </div>
                        </div>
                      </div>
                    </div>
                  </div>
                  <div data-colibri-id="72013-c8" class="h-accordion-item style-1361 style-local-72013-c8 position-relative h-element">
                    <!---->
                    <a data-open-by-default="false" href="#72013-c8" class="h-accordion-item-title d-flex align-items-center h-global-transition">
                      <!----><span>Was ist eine &#8222;offene Ganztagsschule&#8220;?</span>
                      <div class="h-accordion-item-title-normal-icon h-accordion-item-title-icon h-accordion-item-title-icon-right"><span class="h-svg-icon"><!--Icon by Icons8 Line Awesome (https://icons8.com/line-awesome)--><svg version="1.1" xmlns="http://www.w3.org/2000/svg" xmlns:xlink="http://www.w3.org/1999/xlink" id="plus" viewBox="0 0 512 545.5"><path d="M240 112h32v160h160v32H272v160h-32V304H80v-32h160V112z"></path></svg></span></div>
                      <div class="h-accordion-item-title-active-icon h-accordion-item-title-icon h-accordion-item-title-icon-right"><span class="h-svg-icon"><!--Icon by Icons8 Line Awesome (https://icons8.com/line-awesome)--><svg version="1.1" xmlns="http://www.w3.org/2000/svg" xmlns:xlink="http://www.w3.org/1999/xlink" id="minus" viewBox="0 0 512 545.5"><path d="M80 272h352v32H80v-32z"></path></svg></span></div>
                    </a>
                    <div id="72013-c8" class="h-accordion-item-content__container">
                      <div class="w-100 h-y-container h-accordion-item-content">
                        <!---->
                        <div data-colibri-id="72013-c9" class="h-text h-text-component style-1362 style-local-72013-c9 position-relative h-element">
                          <!---->
                          <!---->
                          <div class="">
                            <p>Eine Offene Ganztagsschule bietet nach dem Unterricht freiwillige Betreuungs- und Bildungsangebote&nbsp; am Nachmittag, für die Ihr Kind angemeldet werden kann.&nbsp;
                              <br>
                            </p>
                          </div>
                        </div>
                      </div>
                    </div>
                  </div>
                  <div data-colibri-id="72013-c10" class="h-accordion-item style-1363 style-local-72013-c10 position-relative h-element">
                    <!---->
                    <a data-open-by-default="false" href="#72013-c10" class="h-accordion-item-title d-flex align-items-center h-global-transition">
                      <!----><span>Was macht man in einer &#8222;offenen Eingangsstufe&#8220;?</span>
                      <div class="h-accordion-item-title-normal-icon h-accordion-item-title-icon h-accordion-item-title-icon-right"><span class="h-svg-icon"><!--Icon by Icons8 Line Awesome (https://icons8.com/line-awesome)--><svg version="1.1" xmlns="http://www.w3.org/2000/svg" xmlns:xlink="http://www.w3.org/1999/xlink" id="plus" viewBox="0 0 512 545.5"><path d="M240 112h32v160h160v32H272v160h-32V304H80v-32h160V112z"></path></svg></span></div>
                      <div class="h-accordion-item-title-active-icon h-accordion-item-title-icon h-accordion-item-title-icon-right"><span class="h-svg-icon"><!--Icon by Icons8 Line Awesome (https://icons8.com/line-awesome)--><svg version="1.1" xmlns="http://www.w3.org/2000/svg" xmlns:xlink="http://www.w3.org/1999/xlink" id="minus" viewBox="0 0 512 545.5"><path d="M80 272h352v32H80v-32z"></path></svg></span></div>
                    </a>
                    <div id="72013-c10" class="h-accordion-item-content__container">
                      <div class="w-100 h-y-container h-accordion-item-content">
                        <!---->
                        <div data-colibri-id="72013-c11" class="h-text h-text-component style-1364 style-local-72013-c11 position-relative h-element">
                          <!---->
                          <!---->
                          <div class="">
                            <p>In der Offenen Eingangsstufe lernen Kinder der 1. und 2. Klasse gemeinsam und individuell in ihrem eigenen Tempo, jahrgangsgemischt und differenziert gefördert und gefordert.</p>
                          </div>
                        </div>
                      </div>
                    </div>
                  </div>
                  <div data-colibri-id="72013-c12" class="h-accordion-item style-1368 style-local-72013-c12 position-relative h-element">
                    <!---->
                    <a data-open-by-default="false" href="#72013-c12" class="h-accordion-item-title d-flex align-items-center h-global-transition">
                      <!----><span>Wie lange ist mein Kind in der Schule betreut?</span>
                      <div class="h-accordion-item-title-normal-icon h-accordion-item-title-icon h-accordion-item-title-icon-right"><span class="h-svg-icon"><!--Icon by Icons8 Line Awesome (https://icons8.com/line-awesome)--><svg version="1.1" xmlns="http://www.w3.org/2000/svg" xmlns:xlink="http://www.w3.org/1999/xlink" id="plus" viewBox="0 0 512 545.5"><path d="M240 112h32v160h160v32H272v160h-32V304H80v-32h160V112z"></path></svg></span></div>
                      <div class="h-accordion-item-title-active-icon h-accordion-item-title-icon h-accordion-item-title-icon-right"><span class="h-svg-icon"><!--Icon by Icons8 Line Awesome (https://icons8.com/line-awesome)--><svg version="1.1" xmlns="http://www.w3.org/2000/svg" xmlns:xlink="http://www.w3.org/1999/xlink" id="minus" viewBox="0 0 512 545.5"><path d="M80 272h352v32H80v-32z"></path></svg></span></div>
                    </a>
                    <div id="72013-c12" class="h-accordion-item-content__container">
                      <div class="w-100 h-y-container h-accordion-item-content">
                        <!---->
                        <div data-colibri-id="72013-c13" class="h-text h-text-component style-1369 style-local-72013-c13 position-relative h-element">
                          <!---->
                          <!---->
                          <div class="">
                            <p>Ihr Kind ist während der verlässlichen Unterrichtszeit am Vormittag betreut. Bei Teilnahme am Ganztag zusätzlich bis zum Mittagessen oder bis in den Nachmittag (bis 15:30 Uhr).</p>
                          </div>
                        </div>
                      </div>
                    </div>
                  </div>
                </div>
              </div>
            </div>
          </div>
        </div>
      </div>
    </div>
  </div>
</div>

<p>FAQ &#8211; Fragen und Antworten Was bedeutet &#8222;Verlässliche Grundschule&#8220; Die Verlässliche Grundschule stellt sicher, dass Ihr Kind täglich für einen festen Zeitraum zuverlässig betreut wird &#8211; auch bei Unterrichtsausfall. Was ist eine &#8222;offene Ganztagsschule&#8220;? Eine Offene Ganztagsschule bietet nach dem Unterricht freiwillige Betreuungs- und Bildungsangebote&nbsp; am Nachmittag, für die Ihr Kind angemeldet werden kann.&nbsp; Was [&hellip;]</p>
