{"id":523,"date":"2018-10-24T17:05:01","date_gmt":"2018-10-24T17:05:01","guid":{"rendered":"http:\/\/www.gs-amelgatzen.de\/?page_id=523"},"modified":"2024-10-25T10:18:01","modified_gmt":"2024-10-25T08:18:01","slug":"schulobst","status":"publish","type":"page","link":"https:\/\/www.gs-amelgatzen.de\/?page_id=523","title":{"rendered":"Schulobst"},"content":{"rendered":"<div data-colibri-id=\"523-c1\" class=\"style-683 style-local-523-c1 position-relative\">\n  <!---->\n  <div data-colibri-component=\"section\" data-colibri-id=\"523-c2\" id=\"about\" class=\"h-section h-section-global-spacing d-flex align-items-lg-center align-items-md-center align-items-center style-705 style-local-523-c2 position-relative\">\n    <!---->\n    <!---->\n    <div class=\"h-section-grid-container h-section-boxed-container\">\n      <!---->\n      <div data-colibri-id=\"523-c3\" class=\"h-row-container gutters-row-lg-2 gutters-row-md-2 gutters-row-2 gutters-row-v-lg-2 gutters-row-v-md-2 gutters-row-v-2 style-706 style-local-523-c3 position-relative\">\n        <!---->\n        <div class=\"h-row justify-content-lg-center justify-content-md-center justify-content-center align-items-lg-center align-items-md-center align-items-center gutters-col-lg-2 gutters-col-md-2 gutters-col-2 gutters-col-v-lg-2 gutters-col-v-md-2 gutters-col-v-2\">\n          <!---->\n          <div class=\"h-column h-column-container d-flex h-col-lg-auto h-col-md-auto h-col-auto align-self-lg-center align-self-md-center align-self-center style-707-outer style-local-523-c4-outer\">\n            <div data-colibri-id=\"523-c4\" class=\"d-flex h-flex-basis h-column__inner h-px-lg-0 h-px-md-0 h-px-0 v-inner-lg-0 v-inner-md-0 v-inner-0 style-707 style-local-523-c4 position-relative\">\n              <!---->\n              <!---->\n              <div class=\"w-100 h-y-container h-column__content h-column__v-align flex-basis-100 align-self-lg-center align-self-md-center align-self-center\">\n                <!---->\n                <div data-colibri-id=\"523-c5\" class=\"h-row-container gutters-row-lg-0 gutters-row-md-0 gutters-row-0 gutters-row-v-lg-0 gutters-row-v-md-0 gutters-row-v-0 style-708 style-local-523-c5 position-relative\">\n                  <!---->\n                  <div class=\"h-row justify-content-lg-start justify-content-md-start justify-content-center align-items-lg-stretch align-items-md-stretch align-items-stretch gutters-col-lg-0 gutters-col-md-0 gutters-col-0 gutters-col-v-lg-0 gutters-col-v-md-0 gutters-col-v-0\">\n                    <!---->\n                    <div class=\"h-column h-column-container d-flex h-col-lg-auto h-col-md-auto h-col-auto style-709-outer style-local-523-c6-outer\">\n                      <div data-colibri-id=\"523-c6\" class=\"d-flex h-flex-basis h-column__inner h-px-lg-0 h-px-md-0 h-px-0 v-inner-lg-0 v-inner-md-0 v-inner-0 style-709 style-local-523-c6 position-relative\">\n                        <!---->\n                        <!---->\n                        <div class=\"w-100 h-y-container h-column__content h-column__v-align flex-basis-auto align-self-lg-start align-self-md-start align-self-center\">\n                          <!---->\n                          <div data-colibri-id=\"523-c7\" class=\"h-global-transition-all h-heading style-710 style-local-523-c7 position-relative h-element\">\n                            <!---->\n                            <div class=\"h-heading__outer style-710 style-local-523-c7\">\n                              <!---->\n                              <!---->\n                              <h4 class=\"\">Unser Schulobstprogramm<\/h4>\n                            <\/div>\n                          <\/div>\n                        <\/div>\n                      <\/div>\n                    <\/div>\n                  <\/div>\n                <\/div>\n                <div data-colibri-id=\"523-c8\" class=\"h-global-transition-all h-heading style-711 style-local-523-c8 position-relative h-element\">\n                  <!---->\n                  <div class=\"h-heading__outer style-711 style-local-523-c8\">\n                    <!---->\n                    <!---->\n                    <h3 class=\"\">Woher kommt unser Schulobst?<\/h3>\n                  <\/div>\n                <\/div>\n                <div data-colibri-id=\"523-c9\" class=\"h-text h-text-component style-713 style-local-523-c9 position-relative h-element\">\n                  <!---->\n                  <!---->\n                  <div class=\"\">\n                    <p>Das Land Niedersachsen beteiligt sich seit dem Schuljahr 2014\/15 am EU-Schulobst- und Gem\u00fcseprogramm.<\/p>\n                    <p>Ziel dieses Programms ist es, den Verzehr von Obst und Gem\u00fcse bei den Kindern zu erh\u00f6hen. Damit soll die Gesundheit der Kinder gef\u00f6rdert werden. Au\u00dferdem soll die Leistungsf\u00e4higkeit in der Schule und im Allgemeinen gesteigert werden.\n                      Der regelm\u00e4\u00dfige Obst- und Gem\u00fcseverzehr soll die Ern\u00e4hrungsgewohnheiten der Kinder positiv beeinflussen.<\/p>\n                    <p>Unsere Schule bekommt einmalmal w\u00f6chentlich ca. 300g Obst und Gem\u00fcse f\u00fcr jeden Sch\u00fcler durch den Marienhof in Esperde. Gegessen wird das Obst jeweils im Klassenraum. Die Sch\u00fcler lassen sich \u00c4pfel, Birnen, Bananen, Trauben, Gurken,\n                      Kohlrabi und M\u00f6hren schmecken. Unsere p\u00e4dagogische Mitarbeiterin Frau Gattermann k\u00fcmmert sich um die Organisation. Das Schulobst wird von Eltern\/Gro\u00dfeltern mundgerecht an 3 Tagen f\u00fcr die Klassen zubereitet. Das Abholen \u00fcbernehmen\n                      die Sch\u00fclerinnen und Sch\u00fcler selbst, in Form des &#8222;Obst-Dienstes&#8220;.<\/p>\n                    <p>Die Resonanz ist sehr gut. Viele Kinder essen mehr Obst und Gem\u00fcse als sonst und probieren auch ihnen unbekannte Sorten aus. Oft bleibt nichts \u00fcbrig. Ansonsten werden die Reste am n\u00e4chsten Tag oder am Nachmittag verzehrt.<\/p>\n                    <p>Das \u201eGesunde Fr\u00fchst\u00fcck\u201c ist ein Baustein der Gesundheitserziehung an unserer Schule.<\/p>\n                  <\/div>\n                <\/div>\n              <\/div>\n            <\/div>\n          <\/div>\n          <div class=\"h-column h-column-container d-flex h-col-lg-auto h-col-md-auto h-col-auto align-self-lg-center align-self-md-center align-self-center style-714-outer style-local-523-c10-outer\">\n            <div data-colibri-id=\"523-c10\" class=\"d-flex h-flex-basis h-column__inner h-px-lg-0 h-px-md-0 h-px-0 v-inner-lg-0 v-inner-md-0 v-inner-0 style-714 style-local-523-c10 position-relative\">\n              <!---->\n              <!---->\n              <div class=\"w-100 h-y-container h-column__content h-column__v-align flex-basis-100 align-self-lg-center align-self-md-center align-self-center\">\n                <!---->\n                <div data-colibri-id=\"523-c11\" class=\"h-multiple-image style-715 style-local-523-c11 position-relative h-element\">\n                  <!---->\n                  <div class=\"position-relative\">\n                    <div class=\"h-multiple-image-inside-container\">\n                      <div class=\"ratio-inner\">\n                        <div data-colibri-id=\"523-c12\" class=\"d-block style-716 style-local-523-c12 position-relative h-element\">\n                          <!---->\n                          <div class=\"h-image__frame-container-outer\">\n                            <div class=\"h-image__frame-container\">\n                              <!---->\n                              <!---->\n                              <img loading=\"lazy\" decoding=\"async\" width=\"1484\" height=\"1707\" src=\"https:\/\/www.gs-amelgatzen.de\/wp-content\/uploads\/2021\/04\/cropped-louis-hansel-shotsoflouis-Xpl27cG0x0M-unsplash-scaled-1.jpg\" class=\"style-715-images style-local-523-c11-images wp-image-71472 style-716-image style-local-523-c12-image\" alt=\"\" srcset=\"https:\/\/www.gs-amelgatzen.de\/wp-content\/uploads\/2021\/04\/cropped-louis-hansel-shotsoflouis-Xpl27cG0x0M-unsplash-scaled-1.jpg 1484w, https:\/\/www.gs-amelgatzen.de\/wp-content\/uploads\/2021\/04\/cropped-louis-hansel-shotsoflouis-Xpl27cG0x0M-unsplash-scaled-1-261x300.jpg 261w, https:\/\/www.gs-amelgatzen.de\/wp-content\/uploads\/2021\/04\/cropped-louis-hansel-shotsoflouis-Xpl27cG0x0M-unsplash-scaled-1-890x1024.jpg 890w, https:\/\/www.gs-amelgatzen.de\/wp-content\/uploads\/2021\/04\/cropped-louis-hansel-shotsoflouis-Xpl27cG0x0M-unsplash-scaled-1-768x883.jpg 768w, https:\/\/www.gs-amelgatzen.de\/wp-content\/uploads\/2021\/04\/cropped-louis-hansel-shotsoflouis-Xpl27cG0x0M-unsplash-scaled-1-1335x1536.jpg 1335w\" sizes=\"(max-width: 1484px) 100vw, 1484px\" \/>\n                              <div class=\"h-image__frame h-hide-lg h-hide-md h-hide-sm style-716-frameImage style-local-523-c12-frameImage\"><\/div>\n                            <\/div>\n                          <\/div>\n                        <\/div>\n                        <div data-colibri-id=\"523-c13\" class=\"d-block style-717 style-local-523-c13 position-relative h-element\">\n                          <!---->\n                          <div class=\"h-image__frame-container-outer\">\n                            <div class=\"h-image__frame-container\">\n                              <!---->\n                              <div class=\"h-image__overlay style-717-overlay style-local-523-c13-overlay\">\n                                <div class=\"overlay-layer\">\n                                  <div class=\"overlay-image-layer\" style=\"background-color: rgb(239, 249, 235); opacity: 0.5;\"><\/div>\n                                <\/div>\n                              <\/div>\n                              <img loading=\"lazy\" decoding=\"async\" width=\"849\" height=\"1272\" src=\"https:\/\/www.gs-amelgatzen.de\/wp-content\/uploads\/2023\/03\/cropped-apple-256261_1920.jpg\" class=\"style-715-images style-local-523-c11-images wp-image-71474 style-717-image style-local-523-c13-image\" alt=\"\" srcset=\"https:\/\/www.gs-amelgatzen.de\/wp-content\/uploads\/2023\/03\/cropped-apple-256261_1920.jpg 849w, https:\/\/www.gs-amelgatzen.de\/wp-content\/uploads\/2023\/03\/cropped-apple-256261_1920-200x300.jpg 200w, https:\/\/www.gs-amelgatzen.de\/wp-content\/uploads\/2023\/03\/cropped-apple-256261_1920-683x1024.jpg 683w, https:\/\/www.gs-amelgatzen.de\/wp-content\/uploads\/2023\/03\/cropped-apple-256261_1920-768x1151.jpg 768w\" sizes=\"(max-width: 849px) 100vw, 849px\" \/>\n                              <div class=\"h-image__frame h-hide-lg h-hide-md h-hide-sm style-717-frameImage style-local-523-c13-frameImage\"><\/div>\n                            <\/div>\n                          <\/div>\n                        <\/div>\n                      <\/div>\n                    <\/div>\n                  <\/div>\n                <\/div>\n              <\/div>\n            <\/div>\n          <\/div>\n        <\/div>\n      <\/div>\n      <div data-colibri-id=\"523-c14\" class=\"h-row-container gutters-row-lg-2 gutters-row-md-2 gutters-row-0 gutters-row-v-lg-2 gutters-row-v-md-2 gutters-row-v-2 style-726 style-local-523-c14 position-relative\">\n        <!---->\n        <div class=\"h-row justify-content-lg-center justify-content-md-center justify-content-center align-items-lg-stretch align-items-md-stretch align-items-stretch gutters-col-lg-2 gutters-col-md-2 gutters-col-0 gutters-col-v-lg-2 gutters-col-v-md-2 gutters-col-v-2\">\n          <!---->\n          <div class=\"h-column h-column-container d-flex h-col-lg-auto h-col-md-auto h-col-auto style-727-outer style-local-523-c15-outer\">\n            <div data-colibri-id=\"523-c15\" class=\"d-flex h-flex-basis h-column__inner h-px-lg-2 h-px-md-2 h-px-2 v-inner-lg-2 v-inner-md-2 v-inner-2 style-727 style-local-523-c15 position-relative\">\n              <!---->\n              <!---->\n              <div class=\"w-100 h-y-container h-column__content h-column__v-align flex-basis-100 align-self-lg-start align-self-md-start align-self-start\">\n                <!---->\n                <div data-colibri-id=\"523-c16\" class=\"h-x-container style-728 style-local-523-c16 position-relative h-element\">\n                  <!---->\n                  <div class=\"h-x-container-inner style-dynamic-523-c16-group style-728-spacing style-local-523-c16-spacing\"><span class=\"h-link__outer style-729-outer style-local-523-c17-outer d-inline-flex h-element\"><a h-use-smooth-scroll=\"true\" href=\"https:\/\/marienhof-esperde.de\/\"  data-colibri-id=\"523-c17\" class=\"d-flex w-100 align-items-center h-link style-729 style-local-523-c17 position-relative\"><!----><span  class=\"h-svg-icon h-link__icon style-729-icon style-local-523-c17-icon\"><!--Icon by Font Awesome (https:\/\/fontawesome.com)-->\n    <svg version=\"1.1\" xmlns=\"http:\/\/www.w3.org\/2000\/svg\" xmlns:xlink=\"http:\/\/www.w3.org\/1999\/xlink\" id=\"hand-o-right\" viewBox=\"0 0 1792 1896.0833\">\n      <path d=\"M256 1344q0-26-19-45t-45-19-45 19-19 45 19 45 45 19 45-19 19-45zm1408-576q0-51-39-89.5t-89-38.5H960q0-20 15-48.5t33-55 33-68 15-84.5q0-67-44.5-97.5T896 256q-24 0-90 139-24 44-37 65-40 64-112 145-71 81-101 106-69 57-140 57h-32v640h32q72 0 167 32t193.5 64 179.5 32q189 0 189-167 0-26-5-56 30-16 47.5-52.5t17.5-73.5-18-69q53-50 53-119 0-25-10-55.5t-25-47.5h331q52 0 90-38t38-90zm128-1q0 105-75.5 181t-180.5 76h-169q-4 62-37 119 3 21 3 43 0 101-60 178 1 139-85 219.5T961 1664q-133 0-322-69-164-59-223-59H128q-53 0-90.5-37.5T0 1408V768q0-53 37.5-90.5T128 640h288q10 0 21.5-4.5t23.5-14 22.5-18 24-22.5 20.5-21.5 19-21.5 14-17q65-74 100-129 13-21 33-62t37-72 40.5-63 55-49.5T896 128q125 0 206.5 67t81.5 189q0 68-22 128h374q104 0 180 76t76 179z\"><\/path>\n    <\/svg><\/span> <span>Hier gelangen Sie zur Homepage<\/span><\/a>\n                    <\/span>\n                  <\/div>\n                <\/div>\n              <\/div>\n            <\/div>\n          <\/div>\n        <\/div>\n      <\/div>\n      <div data-colibri-id=\"523-c18\" class=\"h-row-container gutters-row-lg-2 gutters-row-md-2 gutters-row-0 gutters-row-v-lg-2 gutters-row-v-md-2 gutters-row-v-2 style-724 style-local-523-c18 position-relative\">\n        <!---->\n        <div class=\"h-row justify-content-lg-center justify-content-md-center justify-content-center align-items-lg-stretch align-items-md-stretch align-items-stretch gutters-col-lg-2 gutters-col-md-2 gutters-col-0 gutters-col-v-lg-2 gutters-col-v-md-2 gutters-col-v-2\">\n          <!---->\n          <div class=\"h-column h-column-container d-flex h-col-lg-auto h-col-md-auto h-col-auto style-725-outer style-local-523-c19-outer\">\n            <div data-colibri-id=\"523-c19\" class=\"d-flex h-flex-basis h-column__inner h-ui-empty-state-container h-px-lg-2 h-px-md-2 h-px-2 v-inner-lg-2 v-inner-md-2 v-inner-2 style-725 style-local-523-c19 position-relative\">\n              <!---->\n              <!---->\n              <div class=\"w-100 h-y-container h-column__content h-column__v-align flex-basis-100\">\n                <!---->\n              <\/div>\n            <\/div>\n          <\/div>\n        <\/div>\n      <\/div>\n      <div data-colibri-id=\"523-c20\" class=\"h-row-container gutters-row-lg-2 gutters-row-md-2 gutters-row-0 gutters-row-v-lg-2 gutters-row-v-md-2 gutters-row-v-2 style-718 style-local-523-c20 position-relative\">\n        <!---->\n        <div class=\"h-row justify-content-lg-center justify-content-md-center justify-content-center align-items-lg-stretch align-items-md-stretch align-items-stretch gutters-col-lg-2 gutters-col-md-2 gutters-col-0 gutters-col-v-lg-2 gutters-col-v-md-2 gutters-col-v-2\">\n          <!---->\n          <div class=\"h-column h-column-container d-flex h-col-lg-auto h-col-md-auto h-col-auto style-719-outer style-local-523-c21-outer\">\n            <div data-colibri-id=\"523-c21\" class=\"d-flex h-flex-basis h-column__inner h-ui-empty-state-container h-px-lg-2 h-px-md-2 h-px-2 v-inner-lg-2 v-inner-md-2 v-inner-2 style-719 style-local-523-c21 position-relative\">\n              <!---->\n              <!---->\n              <div class=\"w-100 h-y-container h-column__content h-column__v-align flex-basis-100\">\n                <!---->\n              <\/div>\n            <\/div>\n          <\/div>\n        <\/div>\n      <\/div>\n    <\/div>\n  <\/div>\n<\/div>","protected":false},"excerpt":{"rendered":"<p>Unser Schulobstprogramm Woher kommt unser Schulobst? Das Land Niedersachsen beteiligt sich seit dem Schuljahr 2014\/15 am EU-Schulobst- und Gem\u00fcseprogramm. Ziel dieses Programms ist es, den Verzehr von Obst und Gem\u00fcse bei den Kindern zu erh\u00f6hen. Damit soll die Gesundheit der Kinder gef\u00f6rdert werden. Au\u00dferdem soll die Leistungsf\u00e4higkeit in der Schule und im Allgemeinen gesteigert werden. [&hellip;]<\/p>\n","protected":false},"author":2,"featured_media":0,"parent":0,"menu_order":0,"comment_status":"closed","ping_status":"closed","template":"page-templates\/full-width-page.php","meta":{"footnotes":""},"_links":{"self":[{"href":"https:\/\/www.gs-amelgatzen.de\/index.php?rest_route=\/wp\/v2\/pages\/523"}],"collection":[{"href":"https:\/\/www.gs-amelgatzen.de\/index.php?rest_route=\/wp\/v2\/pages"}],"about":[{"href":"https:\/\/www.gs-amelgatzen.de\/index.php?rest_route=\/wp\/v2\/types\/page"}],"author":[{"embeddable":true,"href":"https:\/\/www.gs-amelgatzen.de\/index.php?rest_route=\/wp\/v2\/users\/2"}],"replies":[{"embeddable":true,"href":"https:\/\/www.gs-amelgatzen.de\/index.php?rest_route=%2Fwp%2Fv2%2Fcomments&post=523"}],"version-history":[{"count":20,"href":"https:\/\/www.gs-amelgatzen.de\/index.php?rest_route=\/wp\/v2\/pages\/523\/revisions"}],"predecessor-version":[{"id":72809,"href":"https:\/\/www.gs-amelgatzen.de\/index.php?rest_route=\/wp\/v2\/pages\/523\/revisions\/72809"}],"wp:attachment":[{"href":"https:\/\/www.gs-amelgatzen.de\/index.php?rest_route=%2Fwp%2Fv2%2Fmedia&parent=523"}],"curies":[{"name":"wp","href":"https:\/\/api.w.org\/{rel}","templated":true}]}}