{"id":266,"date":"2018-01-02T19:31:32","date_gmt":"2018-01-02T19:31:32","guid":{"rendered":"http:\/\/www.gs-amelgatzen.de\/?page_id=266"},"modified":"2021-04-01T13:57:21","modified_gmt":"2021-04-01T11:57:21","slug":"schulprogramm","status":"publish","type":"page","link":"https:\/\/www.gs-amelgatzen.de\/?page_id=266","title":{"rendered":"Schulprogramm"},"content":{"rendered":"<p><strong><u><img loading=\"lazy\" decoding=\"async\" class=\"aligncenter size-large wp-image-15461\" src=\"https:\/\/www.gs-amelgatzen.de\/wp-content\/uploads\/2021\/04\/aaron-burden-xG8IQMqMITM-unsplash-1024x769.jpg\" alt=\"\" width=\"656\" height=\"493\" srcset=\"https:\/\/www.gs-amelgatzen.de\/wp-content\/uploads\/2021\/04\/aaron-burden-xG8IQMqMITM-unsplash-1024x769.jpg 1024w, https:\/\/www.gs-amelgatzen.de\/wp-content\/uploads\/2021\/04\/aaron-burden-xG8IQMqMITM-unsplash-300x225.jpg 300w, https:\/\/www.gs-amelgatzen.de\/wp-content\/uploads\/2021\/04\/aaron-burden-xG8IQMqMITM-unsplash-768x577.jpg 768w, https:\/\/www.gs-amelgatzen.de\/wp-content\/uploads\/2021\/04\/aaron-burden-xG8IQMqMITM-unsplash-1536x1153.jpg 1536w, https:\/\/www.gs-amelgatzen.de\/wp-content\/uploads\/2021\/04\/aaron-burden-xG8IQMqMITM-unsplash-2048x1538.jpg 2048w\" sizes=\"(max-width: 656px) 100vw, 656px\" \/>Schulprogrammarbeit an der Grundschule Amelgatzen<\/u><\/strong><\/p>\n<p><strong>Einleitung<\/strong><\/p>\n<p><em>\u201eEin Mensch ohne Plan ist wie ein Schiff ohne Steuer.\u201c (Emil Oesch)\u00a0<\/em><\/p>\n<p>Im Schuljahr 2017\/2018 begann das Kollegium der Grundschule Amelgatzen mit der Arbeit an einem neuen Leitbild und einem aktuellen Schulprogramm, das unsere Entwicklungsziele f\u00fcr die n\u00e4chsten Jahre festlegt. Unterst\u00fctzt und angeleitet wurde dieser Prozess durch Herrn Kr\u00fcger von der Landesschulbeh\u00f6rde, der die Schulprogrammarbeit als Schulentwicklungsplaner professionell begleitete.<\/p>\n<p><strong>Leitbild und Entwicklungsziele<\/strong><\/p>\n<p>Nach der Entwicklung unseres Leitbilds (s. unter Leitbild) erarbeiteten wir gemeinsam die Entwicklungsschwerpunkte f\u00fcr die Weiterarbeit und beschlossen, uns die Themenbereiche \u201eRegeln und Rituale\u201c und \u201eIndividuelles, selbstst\u00e4ndiges Lernen\u201c besonders vorzunehmen. Folgende Entwicklungsziele formulierten wir f\u00fcr die Jahre 2018-2020:<\/p>\n<p><u>Ziel 1:<\/u><\/p>\n<p>Zu den Osterferien 2020 haben wir einen transparenten Regelkatalog f\u00fcr das Verhalten w\u00e4hrend der gesamten Schulzeit, das hei\u00dft im Flur, in den Pausen, auf dem Schulhof, im Ganztag, in der Betreuung, auf den Toiletten und im Keller. Dieser Regelkatalog wird als ansprechendes Schriftst\u00fcck festgehalten. Positive Rituale unterst\u00fctzen die Einhaltung der Regeln. Rituale im Schulalltag sind in den Gremien erprobt, evaluiert, beschlossen und implementiert worden.<\/p>\n<p><u>Ziel 2:<\/u><\/p>\n<p>Am 31.07.2020 haben wir ein Konzept zum \u201eIndividuellen Lernen\u201c erstellt und umgesetzt. Die Klassenr\u00e4ume sind mit Leseecken, PCs und Materialecken ausgestattet. Die Fachkonferenzen haben die Anschaffung geeigneter Materialien beschlossen. Dies ist mindestens in den F\u00e4chern Deutsch\/DaZ und Mathematik umgesetzt. F\u00fcr die Evaluation sind Verabredungen getroffen.<\/p>\n<p><strong>Ma\u00dfnahmenplanung und -umsetzung<\/strong><\/p>\n<p>Zu Ziel 1 wurden folgende Ma\u00dfnahmen geplant und umgesetzt:<\/p>\n<p>Erarbeitung einer Struktur f\u00fcr monatliche Vollversammlungen aller Sch\u00fcler mit einer Pr\u00e4sentation des neuen \u201eMottos des Monats\u201c zur Festigung wichtiger Schulregeln und des Gemeinschaftsgef\u00fchls (2. Halbjahr 2017\/2018)<\/p>\n<p>1. Einrichtung regelm\u00e4\u00dfiger Vollversammlungen (ab Schuljahr 2018\/2019)<\/p>\n<p>2. \u00dcberarbeitung und Neugestaltung der Schulordnung als transparenten Regelkatalog f\u00fcr alle Bereiche der Schule (1. Halbjahr 2018)<\/p>\n<p>3. Einf\u00fchrung und Evaluierung des Ausleihverfahrens bei unserem Pausenspieleh\u00e4uschen (2. Halbjahr 2018\/2019)<\/p>\n<p>4. Konzept f\u00fcr Konflikte in den Pausen wird erarbeitet, Streitschlichtung, Anleitung zu gewaltlosen Spielen, Pausenangebote durch unsere Schulsozialarbeiterin (August 2018)<\/p>\n<p>5. Einrichtung eines gemeinsamen Schulgottesdienstes am letzten Schultag vor den Weihnachtsferien in der Kirche in H\u00e4melschenburg (seit 2018)<\/p>\n<p>Erg\u00e4nzend zu diesen Ma\u00dfnahmen wurden mehrere Vorschl\u00e4ge f\u00fcr ein neues Schullogo gestaltet und im November 2018 von der Schulgemeinschaft abgestimmt. Auf der Vollversammlung am 12.11.2018 wurde das Siegerlogo, das nun unsere Homepage, alle Briefe und auch die neuen Schul-T-Shirts ziert, feierlich vorgestellt.<\/p>\n<p>Zu Ziel 2 wurden folgende Ma\u00dfnahmen geplant und z.T. bereits umgesetzt:<\/p>\n<ol>\n<li>Konzept zur F\u00f6rderung von individuellem, kooperativem und selbstst\u00e4ndigem Lernen wird entwickelt und beschlossen (2018\/2019)<\/li>\n<li>Fachkonferenzen planen fachbezogene Ma\u00dfnahmen (2019)<\/li>\n<li>Materialien werden angeschafft (2018\/2019 \u2013 2020\/2021)<\/li>\n<li>Klassenr\u00e4ume werden gestaltet (2018\/2019 \u2013 2020\/2021)<\/li>\n<li>Umsetzung des Konzeptes erfolgt (ab 2019\/2020)<\/li>\n<\/ol>\n<p>Die Datei als .pdf bekommen Sie <a href=\"https:\/\/www.gs-amelgatzen.de\/wp-content\/uploads\/2020\/06\/Schulprogrammarbeit-an-der-Grundschule-Amelgatzen.pdf\">hier<\/a>.<\/p>\n<p><strong>Anhang:<\/strong><br \/>\n<a href=\"https:\/\/www.gs-amelgatzen.de\/wp-content\/uploads\/2020\/06\/Neue-Schulordnung-1.pdf\">Neue Schulordnung 2018<\/a><br \/>\n<a href=\"https:\/\/www.gs-amelgatzen.de\/wp-content\/uploads\/2020\/06\/Regeln-Computerraum.pdf\">Regeln f\u00fcr den Computerraum<\/a><br \/>\n<a href=\"https:\/\/www.gs-amelgatzen.de\/wp-content\/uploads\/2020\/06\/Konzeption_Streitschlichter-Amelgatzen-Homepage-1.pdf\">Konzept Streitschlichter<\/a> \/ Pausen<a href=\"https:\/\/www.gs-amelgatzen.de\/wp-content\/uploads\/2020\/06\/Konzeption_Pausenregeln_Amelgatzen_Homepage.pdf\">konzept<\/a> und <a href=\"https:\/\/www.gs-amelgatzen.de\/wp-content\/uploads\/2020\/06\/Pausenregeln.pdf\">Pausenregeln<\/a><\/p>\n<p><a href=\"https:\/\/www.gs-amelgatzen.de\/wp-content\/uploads\/2020\/06\/Konzept-individuelles-Lernen-neu.pdf\">Konzept zur F\u00f6rderung von individuellem, kooperativem und selbstst\u00e4ndigem Lernen<\/a><\/p>\n<p><img loading=\"lazy\" decoding=\"async\" class=\"aligncenter size-large wp-image-2736\" src=\"https:\/\/www.gs-amelgatzen.de\/wp-content\/uploads\/2020\/06\/Foto-schulgottesdienst-1024x761.jpg\" alt=\"\" width=\"656\" height=\"488\" srcset=\"https:\/\/www.gs-amelgatzen.de\/wp-content\/uploads\/2020\/06\/Foto-schulgottesdienst-1024x761.jpg 1024w, https:\/\/www.gs-amelgatzen.de\/wp-content\/uploads\/2020\/06\/Foto-schulgottesdienst-300x223.jpg 300w, https:\/\/www.gs-amelgatzen.de\/wp-content\/uploads\/2020\/06\/Foto-schulgottesdienst-768x570.jpg 768w, https:\/\/www.gs-amelgatzen.de\/wp-content\/uploads\/2020\/06\/Foto-schulgottesdienst.jpg 1182w\" sizes=\"(max-width: 656px) 100vw, 656px\" \/><\/p>\n","protected":false},"excerpt":{"rendered":"<p>Schulprogrammarbeit an der Grundschule Amelgatzen Einleitung \u201eEin Mensch ohne Plan ist wie ein Schiff ohne Steuer.\u201c (Emil Oesch)\u00a0 Im Schuljahr 2017\/2018 begann das Kollegium der Grundschule Amelgatzen mit der Arbeit an einem neuen Leitbild und einem aktuellen Schulprogramm, das unsere Entwicklungsziele f\u00fcr die n\u00e4chsten Jahre festlegt. Unterst\u00fctzt und angeleitet wurde dieser Prozess durch Herrn Kr\u00fcger [&hellip;]<\/p>\n","protected":false},"author":2,"featured_media":0,"parent":0,"menu_order":0,"comment_status":"closed","ping_status":"closed","template":"","meta":{"footnotes":""},"_links":{"self":[{"href":"https:\/\/www.gs-amelgatzen.de\/index.php?rest_route=\/wp\/v2\/pages\/266"}],"collection":[{"href":"https:\/\/www.gs-amelgatzen.de\/index.php?rest_route=\/wp\/v2\/pages"}],"about":[{"href":"https:\/\/www.gs-amelgatzen.de\/index.php?rest_route=\/wp\/v2\/types\/page"}],"author":[{"embeddable":true,"href":"https:\/\/www.gs-amelgatzen.de\/index.php?rest_route=\/wp\/v2\/users\/2"}],"replies":[{"embeddable":true,"href":"https:\/\/www.gs-amelgatzen.de\/index.php?rest_route=%2Fwp%2Fv2%2Fcomments&post=266"}],"version-history":[{"count":21,"href":"https:\/\/www.gs-amelgatzen.de\/index.php?rest_route=\/wp\/v2\/pages\/266\/revisions"}],"predecessor-version":[{"id":15463,"href":"https:\/\/www.gs-amelgatzen.de\/index.php?rest_route=\/wp\/v2\/pages\/266\/revisions\/15463"}],"wp:attachment":[{"href":"https:\/\/www.gs-amelgatzen.de\/index.php?rest_route=%2Fwp%2Fv2%2Fmedia&parent=266"}],"curies":[{"name":"wp","href":"https:\/\/api.w.org\/{rel}","templated":true}]}}

<p><strong><u><img loading="lazy" decoding="async" class="aligncenter size-large wp-image-15461" src="https://www.gs-amelgatzen.de/wp-content/uploads/2021/04/aaron-burden-xG8IQMqMITM-unsplash-1024x769.jpg" alt="" width="656" height="493" srcset="https://www.gs-amelgatzen.de/wp-content/uploads/2021/04/aaron-burden-xG8IQMqMITM-unsplash-1024x769.jpg 1024w, https://www.gs-amelgatzen.de/wp-content/uploads/2021/04/aaron-burden-xG8IQMqMITM-unsplash-300x225.jpg 300w, https://www.gs-amelgatzen.de/wp-content/uploads/2021/04/aaron-burden-xG8IQMqMITM-unsplash-768x577.jpg 768w, https://www.gs-amelgatzen.de/wp-content/uploads/2021/04/aaron-burden-xG8IQMqMITM-unsplash-1536x1153.jpg 1536w, https://www.gs-amelgatzen.de/wp-content/uploads/2021/04/aaron-burden-xG8IQMqMITM-unsplash-2048x1538.jpg 2048w" sizes="(max-width: 656px) 100vw, 656px" />Schulprogrammarbeit an der Grundschule Amelgatzen</u></strong></p>
<p><strong>Einleitung</strong></p>
<p><em>„Ein Mensch ohne Plan ist wie ein Schiff ohne Steuer.“ (Emil Oesch) </em></p>
<p>Im Schuljahr 2017/2018 begann das Kollegium der Grundschule Amelgatzen mit der Arbeit an einem neuen Leitbild und einem aktuellen Schulprogramm, das unsere Entwicklungsziele für die nächsten Jahre festlegt. Unterstützt und angeleitet wurde dieser Prozess durch Herrn Krüger von der Landesschulbehörde, der die Schulprogrammarbeit als Schulentwicklungsplaner professionell begleitete.</p>
<p><strong>Leitbild und Entwicklungsziele</strong></p>
<p>Nach der Entwicklung unseres Leitbilds (s. unter Leitbild) erarbeiteten wir gemeinsam die Entwicklungsschwerpunkte für die Weiterarbeit und beschlossen, uns die Themenbereiche „Regeln und Rituale“ und „Individuelles, selbstständiges Lernen“ besonders vorzunehmen. Folgende Entwicklungsziele formulierten wir für die Jahre 2018-2020:</p>
<p><u>Ziel 1:</u></p>
<p>Zu den Osterferien 2020 haben wir einen transparenten Regelkatalog für das Verhalten während der gesamten Schulzeit, das heißt im Flur, in den Pausen, auf dem Schulhof, im Ganztag, in der Betreuung, auf den Toiletten und im Keller. Dieser Regelkatalog wird als ansprechendes Schriftstück festgehalten. Positive Rituale unterstützen die Einhaltung der Regeln. Rituale im Schulalltag sind in den Gremien erprobt, evaluiert, beschlossen und implementiert worden.</p>
<p><u>Ziel 2:</u></p>
<p>Am 31.07.2020 haben wir ein Konzept zum „Individuellen Lernen“ erstellt und umgesetzt. Die Klassenräume sind mit Leseecken, PCs und Materialecken ausgestattet. Die Fachkonferenzen haben die Anschaffung geeigneter Materialien beschlossen. Dies ist mindestens in den Fächern Deutsch/DaZ und Mathematik umgesetzt. Für die Evaluation sind Verabredungen getroffen.</p>
<p><strong>Maßnahmenplanung und -umsetzung</strong></p>
<p>Zu Ziel 1 wurden folgende Maßnahmen geplant und umgesetzt:</p>
<p>Erarbeitung einer Struktur für monatliche Vollversammlungen aller Schüler mit einer Präsentation des neuen „Mottos des Monats“ zur Festigung wichtiger Schulregeln und des Gemeinschaftsgefühls (2. Halbjahr 2017/2018)</p>
<p>1. Einrichtung regelmäßiger Vollversammlungen (ab Schuljahr 2018/2019)</p>
<p>2. Überarbeitung und Neugestaltung der Schulordnung als transparenten Regelkatalog für alle Bereiche der Schule (1. Halbjahr 2018)</p>
<p>3. Einführung und Evaluierung des Ausleihverfahrens bei unserem Pausenspielehäuschen (2. Halbjahr 2018/2019)</p>
<p>4. Konzept für Konflikte in den Pausen wird erarbeitet, Streitschlichtung, Anleitung zu gewaltlosen Spielen, Pausenangebote durch unsere Schulsozialarbeiterin (August 2018)</p>
<p>5. Einrichtung eines gemeinsamen Schulgottesdienstes am letzten Schultag vor den Weihnachtsferien in der Kirche in Hämelschenburg (seit 2018)</p>
<p>Ergänzend zu diesen Maßnahmen wurden mehrere Vorschläge für ein neues Schullogo gestaltet und im November 2018 von der Schulgemeinschaft abgestimmt. Auf der Vollversammlung am 12.11.2018 wurde das Siegerlogo, das nun unsere Homepage, alle Briefe und auch die neuen Schul-T-Shirts ziert, feierlich vorgestellt.</p>
<p>Zu Ziel 2 wurden folgende Maßnahmen geplant und z.T. bereits umgesetzt:</p>
<ol>
<li>Konzept zur Förderung von individuellem, kooperativem und selbstständigem Lernen wird entwickelt und beschlossen (2018/2019)</li>
<li>Fachkonferenzen planen fachbezogene Maßnahmen (2019)</li>
<li>Materialien werden angeschafft (2018/2019 – 2020/2021)</li>
<li>Klassenräume werden gestaltet (2018/2019 – 2020/2021)</li>
<li>Umsetzung des Konzeptes erfolgt (ab 2019/2020)</li>
</ol>
<p>Die Datei als .pdf bekommen Sie <a href="https://www.gs-amelgatzen.de/wp-content/uploads/2020/06/Schulprogrammarbeit-an-der-Grundschule-Amelgatzen.pdf">hier</a>.</p>
<p><strong>Anhang:</strong><br />
<a href="https://www.gs-amelgatzen.de/wp-content/uploads/2020/06/Neue-Schulordnung-1.pdf">Neue Schulordnung 2018</a><br />
<a href="https://www.gs-amelgatzen.de/wp-content/uploads/2020/06/Regeln-Computerraum.pdf">Regeln für den Computerraum</a><br />
<a href="https://www.gs-amelgatzen.de/wp-content/uploads/2020/06/Konzeption_Streitschlichter-Amelgatzen-Homepage-1.pdf">Konzept Streitschlichter</a> / Pausen<a href="https://www.gs-amelgatzen.de/wp-content/uploads/2020/06/Konzeption_Pausenregeln_Amelgatzen_Homepage.pdf">konzept</a> und <a href="https://www.gs-amelgatzen.de/wp-content/uploads/2020/06/Pausenregeln.pdf">Pausenregeln</a></p>
<p><a href="https://www.gs-amelgatzen.de/wp-content/uploads/2020/06/Konzept-individuelles-Lernen-neu.pdf">Konzept zur Förderung von individuellem, kooperativem und selbstständigem Lernen</a></p>
<p><img loading="lazy" decoding="async" class="aligncenter size-large wp-image-2736" src="https://www.gs-amelgatzen.de/wp-content/uploads/2020/06/Foto-schulgottesdienst-1024x761.jpg" alt="" width="656" height="488" srcset="https://www.gs-amelgatzen.de/wp-content/uploads/2020/06/Foto-schulgottesdienst-1024x761.jpg 1024w, https://www.gs-amelgatzen.de/wp-content/uploads/2020/06/Foto-schulgottesdienst-300x223.jpg 300w, https://www.gs-amelgatzen.de/wp-content/uploads/2020/06/Foto-schulgottesdienst-768x570.jpg 768w, https://www.gs-amelgatzen.de/wp-content/uploads/2020/06/Foto-schulgottesdienst.jpg 1182w" sizes="(max-width: 656px) 100vw, 656px" /></p>

<p>Schulprogrammarbeit an der Grundschule Amelgatzen Einleitung „Ein Mensch ohne Plan ist wie ein Schiff ohne Steuer.“ (Emil Oesch)  Im Schuljahr 2017/2018 begann das Kollegium der Grundschule Amelgatzen mit der Arbeit an einem neuen Leitbild und einem aktuellen Schulprogramm, das unsere Entwicklungsziele für die nächsten Jahre festlegt. Unterstützt und angeleitet wurde dieser Prozess durch Herrn Krüger [&hellip;]</p>
